hat are the prime factors of 68016?
2, 3, 13, 109
What are the prime factors of 899594?
2, 449797
List the prime factors of 28565.
5, 29, 197
List the prime factors of 393801.
3, 131267
What are the prime factors of 2529496?
2, 29, 10903
What are the prime factors of 14321517?
3, 7, 681977
List the prime factors of 6668164.
2, 19, 87739
What are the prime factors of 3875678?
2, 53, 36563
List the prime factors of 288903.
3, 23, 53, 79
What are the prime factors of 1768899?
3, 11, 443
What are the prime factors of 135966?
2, 3, 17, 31, 43
List the prime factors of 990138.
2, 3, 59, 2797
What are the prime factors of 1155353?
251, 4603
What are the prime factors of 17977882?
2, 13, 53189
What are the prime factors of 113559?
3, 37853
List the prime factors of 11198338.
2, 5599169
What are the prime factors of 3644709?
3, 47, 25849
What are the prime factors of 8698184?
2, 11, 97, 1019
List the prime factors of 491216.
2, 11, 2791
List the prime factors of 2937021.
3, 173, 5659
List the prime factors of 240329.
17, 67, 211
What are the prime factors of 2097444?
2, 3, 277, 631
What are the prime factors of 519848?
2, 7, 9283
List the prime factors of 1613507.
7, 230501
What are the prime factors of 347197?
347197
What are the prime factors of 3666462?
2, 3, 107, 5711
What are the prime factors of 677381?
31, 21851
What are the prime factors of 1802884?
2, 17, 26513
What are the prime factors of 4493518?
2, 41, 54799
What are the prime factors of 8586980?
2, 5, 429349
List the prime factors of 2858327.
29, 98563
List the prime factors of 2646865.
5, 13, 43, 947
What are the prime factors of 535896?
2, 3, 827
What are the prime factors of 4184657?
4184657
List the prime factors of 10515244.
2, 2628811
What are the prime factors of 10212831?
3, 378253
What are the prime factors of 9739556?
2, 2434889
List the prime factors of 2023330.
2, 5, 29, 6977
List the prime factors of 3042631.
823, 3697
What are the prime factors of 4060334?
2, 67, 157, 193
What are the prime factors of 716321?
716321
List the prime factors of 313103.
7, 44729
List the prime factors of 652150.
2, 5, 13043
List the prime factors of 9929176.
2, 31, 40037
List the prime factors of 16149266.
2, 7, 23, 50153
List the prime factors of 8265751.
13, 227, 2801
List the prime factors of 331632.
2, 3, 7, 47
List the prime factors of 714656.
2, 23, 971
List the prime factors of 33973044.
2, 3, 7, 197, 2053
List the prime factors of 4400019.
3, 13, 37607
What are the prime factors of 1823067?
3, 71, 317
List the prime factors of 6426004.
2, 13, 191, 647
What are the prime factors of 432798?
2, 3, 53, 1361
What are the prime factors of 10723154?
2, 13, 229, 1801
What are the prime factors of 563761?
11, 53, 967
List the prime factors of 6397188.
2, 3, 7, 76157
List the prime factors of 8084686.
2, 4042343
List the prime factors of 8799708.
2, 3, 23, 31883
List the prime factors of 22832279.
139, 277, 593
What are the prime factors of 144937?
13, 11149
List the prime factors of 86909.
233, 373
What are the prime factors of 177854?
2, 17, 5231
List the prime factors of 2776677.
3, 925559
What are the prime factors of 14980670?
2, 5, 83, 18049
What are the prime factors of 126690?
2, 3, 5, 41, 103
What are the prime factors of 579519?
3, 19, 3389
What are the prime factors of 2583683?
137, 18859
What are the prime factors of 519887?
37, 14051
What are the prime factors of 476465?
5, 11, 8663
What are the prime factors of 267798?
2, 3, 44633
What are the prime factors of 9966459?
3, 29, 97, 1181
What are the prime factors of 33906?
2, 3, 5651
List the prime factors of 33167090.
2, 5, 11, 211, 1429
What are the prime factors of 385326?
2, 3, 21407
List the prime factors of 111431.
111431
List the prime factors of 165873.
3, 55291
What are the prime factors of 148597?
17, 8741
List the prime factors of 783109.
103, 7603
What are the prime factors of 215931?
3, 167, 431
What are the prime factors of 667122?
2, 3, 111187
What are the prime factors of 819495?
3, 5, 18211
What are the prime factors of 1381038?
2, 3, 29, 7937
List the prime factors of 221202.
2, 3, 12289
List the prime factors of 225901.
13, 17377
What are the prime factors of 40146175?
5, 41, 53, 739
What are the prime factors of 1280726?
2, 640363
List the prime factors of 922833.
3, 11393
List the prime factors of 4372788.
2, 3, 7, 52057
What are the prime factors of 4525090?
2, 5, 197, 2297
What are the prime factors of 1238078?
2, 19, 31, 1051
List the prime factors of 13706732.
2, 13, 263591
What are the prime factors of 941312?
2, 3677
What are the prime factors of 10028323?
1823, 5501
What are the prime factors of 3392961?
3, 11, 13, 719
What are the prime factors of 14530682?
2, 17, 29, 14737
What are the prime factors of 38979736?
2, 4872467
List the prime factors of 3112939.
73, 42643
What are the prime factors of 4942105?
5, 7, 337, 419
List the prime factors of 754608.
2, 3, 79, 199
What are the prime factors of 104337?
3, 11593
List the prime factors of 2512211.
13, 193247
What are the prime factors of 13921972?
2, 29, 120017
What are the prime factors of 681985?
5, 136397
What are the prime factors of 125916?
2, 3, 7, 1499
List the prime factors of 1269465.
3, 5, 84631
List the prime factors of 741979.
7, 105997
What are the prime factors of 5872288?
2, 183509
List the prime factors of 9475059.
3, 11, 41, 47, 149
What are the prime factors of 598903?
598903
What are the prime factors of 427754?
2, 17, 23, 547
What are the prime factors of 120640?
2, 5, 13, 29
List the prime factors of 1474884.
2, 3, 53, 773
List the prime factors of 11366730.
2, 3, 5, 14033
List the prime factors of 491457.
3, 163819
What are the prime factors of 8708046?
2, 3, 17, 59, 1447
What are the prime factors of 242274?
2, 3, 149, 271
What are the prime factors of 883978?
2, 29, 15241
List the prime factors of 125684.
2, 13, 2417
What are the prime factors of 216188?
2, 7, 1103
List the prime factors of 251848.
2, 31481
What are the prime factors of 391674?
2, 3, 29, 2251
List the prime factors of 2102788.
2, 525697
What are the prime factors of 1864101?
3, 17, 36551
List the prime factors of 11412996.
2, 3, 7, 19, 7151
List the prime factors of 1327113.
3, 147457
List the prime factors of 1047791.
307, 3413
List the prime factors of 288625.
5, 2309
What are the prime factors of 349347?
3, 23, 61, 83
What are the prime factors of 5805029?
31, 199, 941
List the prime factors of 6920503.
19, 191, 1907
What are the prime factors of 1274920?
2, 5, 31873
List the prime factors of 142953.
3, 17, 2803
List the prime factors of 716102.
2, 358051
List the prime factors of 2580774.
2, 3, 7, 43, 1429
List the prime factors of 557712.
2, 3, 1291
What are the prime factors of 24064997?
11, 2187727
What are the prime factors of 578148?
2, 3, 48179
What are the prime factors of 6437211?
3, 11, 97, 2011
What are the prime factors of 1690394?
2, 845197
List the prime factors of 187024.
2, 11689
List the prime factors of 13400162.
2, 97, 69073
What are the prime factors of 505730?
2, 5, 103, 491
What are the prime factors of 591137?
591137
What are the prime factors of 800665?
5, 79, 2027
List the prime factors of 215833.
215833
What are the prime factors of 5138791?
7, 734113
List the prime factors of 1480619.
7, 43, 4919
What are the prime factors of 523704?
2, 3, 21821
List the prime factors of 131026.
2, 7, 191
List the prime factors of 2428695.
3, 5, 31, 1741
What are the prime factors of 23020?
2, 5, 1151
List the prime factors of 695802.
2, 3, 89, 1303
What are the prime factors of 407281?
7, 83, 701
What are the prime factors of 469621?
251, 1871
What are the prime factors of 10297185?
3, 5, 686479
What are the prime factors of 313918?
2, 11, 19, 751
List the prime factors of 320.
2, 5
What are the prime factors of 162528?
2, 3, 1693
What are the prime factors of 58397?
23, 2539
What are the prime factors of 49797?
3, 11, 503
What are the prime factors of 2191982?
2, 13, 84307
List the prime factors of 27905216.
2, 47, 9277
What are the prime factors of 4777126?
2, 2388563
List the prime factors of 86410.
2, 5, 8641
What are the prime factors of 23765275?
5, 950611
What are the prime factors of 2263363?
17, 29, 4591
What are the prime factors of 1308